What are the prime factors of s(-22)?
2, 3, 139
Let y(z) = 287*z**2 + 56*z - 382. List the prime factors of y(8).
2, 13, 709
Suppose -16*p + 27 = -13*p. Suppose -p*k = -965 - 1213. What are the prime factors of k?
2, 11
Suppose 11182 = 4*q - 5*d, 9*q - 7*q - 2*d - 5588 = 0. List the prime factors of q.
2, 17, 41
Let q = -433 - -436. Suppose q*m = -5*n + 1247, -2*n + 1130 = 2*m + 292. What are the prime factors of m?
2, 53
Let h be 4/(-2)*(-1)/1. Let b be (1 + -2 - -2)*(-13287)/(-43). Suppose g = -h*g + b. List the prime factors of g.
103
Let g = -62 - -62. Let u be 11/(-22)*g/(-1). List the prime factors of u + 3/(-6) - (-722)/4.
2, 3, 5
Let n = -38 + 40. Suppose -n*q = -3*u - 28, -6*q - 5*u + 56 = -2*q. Suppose -q*t - 32 = -16*t. What are the prime factors of t?
2
Suppose -t = 5*n - 55781, -n + 4*t + 1691 + 9461 = 0. What are the prime factors of n?
2, 2789
Let c = 83 - 68. Suppose 0 = h + 3*j - 272, 4*h - c - 1107 = 5*j. What are the prime factors of h?
2, 139
Suppose -6*q + 384 - 366 = 0. Suppose 3*a + 2*y = 787, -387 = -2*a + q*y + 155. What are the prime factors of a?
5, 53
What are the prime factors of (-7)/(-42)*-6*-6781?
6781
Suppose 0 = -10*y + 5*y - 30. Let b(l) = 5*l**2 - 3*l - 5. Let x be b(y). Suppose -5*k + x = -467. List the prime factors of k.
2, 3, 11
Suppose 0 = 18*u - 13*u - 5. Let n(w) = 5*w - 2. Let j be n(u). Suppose 5*s - 4*r = 115, 0 = -2*r - 7 - j. List the prime factors of s.
19
Let x(r) = -r**3 - 3*r**2 + 2*r - 2. Let d be x(-5). Let m = 71 - d. Suppose m = 2*a - 105. What are the prime factors of a?
3, 23
Suppose -58*i - 86779 = -16*i - 360535. What are the prime factors of i?
2, 3259
Let t = -62 + 82. Let y = 22 - t. Suppose f = y*b - 113, 4*b - 5*f - 109 = 2*b. List the prime factors of b.
3, 19
Suppose -445*f = -474*f + 1423813. List the prime factors of f.
29, 1693
Let h be (-3)/(-6)*-2 + 7. Let l be h/15*(-70)/(-2). Suppose -19*o = -l*o - 390. What are the prime factors of o?
2, 3, 13
Suppose 5*c - 5*h = -2*h + 21, 5*h = 5*c - 15. Let r be ((-6)/2 - 6) + 6. List the prime factors of -1*(20/r - c/(-9)).
2, 3
Let u = 82999 - 28761. List the prime factors of u.
2, 47, 577
Suppose 0 = -29*u - 273 - 19360. Let x = 1047 + u. List the prime factors of x.
2, 5, 37
List the prime factors of ((-34503)/(-6) + 2)*(-11 + 4 + 9).
3, 5, 13, 59
Let y(a) = -2*a + 9. Let t be y(2). Let m be t + 2/(-2) + -4. Suppose m = -3*s - 9, -96 = -2*i + 2*s + 48. What are the prime factors of i?
3, 23
Let b(v) = -10*v + 142. Let z be b(26). Let o = -55 - z. What are the prime factors of o?
3, 7
Suppose -84*a + 203*a = -134*a + 1893452. List the prime factors of a.
2, 1871
Suppose 48973 = 84*w - 80*w + p, -2*p = -4*w + 48982. List the prime factors of w.
2, 3061
Let m = 5453 - -1191. What are the prime factors of m?
2, 11, 151
Let z(h) = -272*h + 50. Let g be z(-16). Suppose 3*d = 2*n + g, -6*n = 4*d - 8*n - 5866. List the prime factors of d.
2, 3, 61
Suppose -7891 = -3*i - 5*a + 1174, -5*i - a = -15123. Suppose 5*z = -3*v + i, 598 = 5*z - 4*z + 2*v. What are the prime factors of z?
2, 19
Suppose -13*k + 25*k = -21528. Let t = k + 2692. What are the prime factors of t?
2, 449
Suppose -849*l + 355 = -844*l. Let w(y) = -8*y - 2. Let a be w(-2). Let v = l - a. What are the prime factors of v?
3, 19
Let d = 1227 - 214. Suppose -4*p + 367 = -d. What are the prime factors of p?
3, 5, 23
Suppose -5*o = -8*o + 84. Let n = -23 + o. Suppose 0 = -n*d + 12 + 88. List the prime factors of d.
2, 5
Let f(l) = -2*l**2 + 21*l - 36. Let d be f(8). Suppose -267 = -5*q + d*k, 0*q + 4*k - 39 = -q. List the prime factors of q.
3, 17
Let f(g) = -2*g**3 + 2*g**3 + 15*g + 1 - g**2 + g**3 - 4*g**2. Let s(x) = -x - 1. Let p(d) = f(d) + 3*s(d). List the prime factors of p(5).
2, 29
Let l be (78/(-30) + 3)*5. Suppose -2*k = -3*n + 110 + 539, -4*n + l*k = -868. What are the prime factors of n?
3, 73
Let s(c) = 20*c**2 - 11*c + 44. Let m = -370 - -376. What are the prime factors of s(m)?
2, 349
List the prime factors of (-189)/6*(-318 + 4).
3, 7, 157
Let a(d) = -3*d**3 - 3*d**2 - 2*d. Let y be a(-1). Suppose -2*t = 2*i - 42, -25 = -i + y*t - 4. Suppose i*z = 17*z + 44. List the prime factors of z.
11
Let t(w) = w - 69. Let c(h) = 8 - 1 + 16. Let s(y) = -7*c(y) - 2*t(y). What are the prime factors of s(-14)?
5
Let l(y) = 10*y - 11. Let u be l(-9). Let i = u - -216. What are the prime factors of i?
5, 23
Let a(q) = -6*q**2 + 9*q + 16. Let z be a(10). Let u = -259 - z. What are the prime factors of u?
5, 47
Let m = 14751 - -12163. What are the prime factors of m?
2, 13457
Suppose -24245 = 25*y - 12*y. Let t = y - -3182. What are the prime factors of t?
3, 439
Suppose 7*u - 21 = 7. Suppose -z - u*l + 246 = 0, 476 = -z + 3*z + 4*l. What are the prime factors of z?
2, 5, 23
Let m(a) = 118*a - 269. Let v be m(-16). Let d = 3170 + v. What are the prime factors of d?
1013
Let b = -27410 - -49814. List the prime factors of b.
2, 3, 1867
Let a(c) = -c**3 + 20*c**2 + 71*c + 134. What are the prime factors of a(-16)?
2, 3, 37
Suppose -15 = 4*x - l, -2*x + 3*x = l. Let r be (-1)/11 + 4350/55. Let t = x + r. What are the prime factors of t?
2, 37
Suppose 0 = -25*w - 45 - 330. List the prime factors of 2803/3 + 1 + 5/w.
5, 11, 17
Let t(s) = 48 + 17*s + 67 - 135. Let l be t(7). Let a = l + -46. What are the prime factors of a?
53
Let k be (-708)/(-27) - (-12)/(-54). Let l = k + -26. Suppose -8*i = -l*i - 648. What are the prime factors of i?
3
Let m(z) = 6*z**2 + 23*z + 1551. What are the prime factors of m(-33)?
2, 3, 11, 37
Suppose 0 = -d - 0*d + 484. Let t = -210 - -895. Let r = t - d. List the prime factors of r.
3, 67
Let k = -79790 + 112814. What are the prime factors of k?
2, 3, 43
Let m = 5 - 31. Let r be m - -24 - (1 + 2). Let w(q) = -2*q**3 - 2*q**2 + 2. What are the prime factors of w(r)?
2, 101
Let a(l) be the third derivative of l**5/10 - 13*l**4/24 + l**3/3 + 14*l**2 + l. List the prime factors of a(7).
5, 41
Let w(m) = -m - 2. Let k be w(-2). Suppose k = 4*x + 3*x - 14. What are the prime factors of x/((-5)/(-390)*1)?
2, 3, 13
Let i = -5 - -20. Let b = i - 5. Suppose 8 = b*x - 8*x. What are the prime factors of x?
2
Let f = -15089 - -55931. List the prime factors of f.
2, 3, 2269
Let w be 8*((-1125)/(-12) - -7). Let s = w + -662. List the prime factors of s.
2, 3
Let m be (-12)/3 + 141 + -3 + 7. Let d = 3 - 3. Suppose -y - 4*b + m = 0, 0*b + 4*b - 20 = d. List the prime factors of y.
11
Let i(l) = -2*l**2 - 105*l + 150. What are the prime factors of i(-37)?
1297
Suppose 30 - 50 = -5*x. Suppose -z - 14 = -2*s + 158, x*s - 5*z = 344. Let g = s - 78. List the prime factors of g.
2
Let z(l) = 6*l - 9. Let i be z(-9). Let r = -39 - i. Suppose r = -s + 5*s. What are the prime factors of s?
2, 3
Let p be (-4 - (8 - 3))*(-5)/15. Suppose 0 = -4*s + p*k + 583, -3*k = -4*s - k + 582. What are the prime factors of s?
5, 29
What are the prime factors of (-4)/10 - (-20930)/325?
2
Let x = 2519 + -1840. List the prime factors of x.
7, 97
Let q(k) = 55*k**2 + 14. Let c be q(-4). Suppose 0 = 8*z - 11*z - 4*l + c, 0 = -5*z - l + 1490. List the prime factors of z.
2, 149
Let r be 6/(-21) + ((-316)/(-28) - 3). Suppose 0 = 3*u - r*u + 10. List the prime factors of 4/u*1*(-1122)/(-44).
3, 17
Let s(c) = -c**2 + 14*c + 24. Let m be s(11). Let y = 26 - m. Let g = y + 137. What are the prime factors of g?
2, 53
Suppose -6*h + 2*h + 3*v = -35, -5*h - 5*v = 0. Suppose -h*n + p + 4303 = 0, 4*n + 4*p - 3452 = -0*n. List the prime factors of n.
3, 7, 41
Let t = -159 + 260. Suppose -t*y = -96*y - 3650. List the prime factors of y.
2, 5, 73
Suppose 4898*m + 252928 = 4917*m. List the prime factors of m.
2, 13
Let i(y) = y + 4. Let d(l) = -l - 8. Let u(p) = -4*d(p) - 10*i(p). Let r be u(7). What are the prime factors of (r/(-3))/((-6)/(-9))?
5
Suppose 2*o + 78701 = 3*i - 22651, 4*i + o = 135158. List the prime factors of i.
2, 8447
Let i(n) = -n**3 - 2*n**2 + 10*n + 26. Let l be i(10). Let x = l - -1602. What are the prime factors of x?
2, 3, 11
Suppose -1739578 = -115*n + 442892. What are the prime factors of n?
2, 3, 3163
Let q be 0 + (3 - 6 - -408). Suppose -6*l + q = -4773. List the prime factors of l.
863
Let q(x) = x**3 + 10*x**2 + 7. Let n be q(-10). Suppose 10 = 12*l - n*l. Suppose 2*k - 500 = -3